m + 117. What is the remainder when 1936 is divided by y?
32
Suppose 164*m - 405127 = 9957. Calculate the remainder when m is divided by 55.
1
Let c = -17529 + 17583. Calculate the remainder when 1911 is divided by c.
21
Let y = -7683 + 11478. What is the remainder when y is divided by 9?
6
Calculate the remainder when 381 is divided by 5058/117 - (-6 + 324/52).
37
Let x = -69 - -134. Calculate the remainder when x is divided by ((-24)/(-3) + (15 - 26))/((-7)/21).
2
Suppose -5*u = -3*d - 14 + 310, 0 = 2*d - 5*u - 194. Calculate the remainder when 204 is divided by 12/(d/(-238)*(-2)/3).
36
Suppose -1731*g - 24 = -1735*g. What is the remainder when g is divided by ((-24)/(-84))/((-1)/(-7))?
0
Suppose 69 = -4*l + 297. Let d = l + -18. Calculate the remainder when (14 + d)/((-2)/(-2)) is divided by 14.
11
Let k = 2222 + -3118. Let f = 973 + k. What is the remainder when f is divided by 30?
17
Suppose 0 = 6*f - 14*f. Suppose 7*q - 35 = -f*q. Suppose -q*x - 77 = -7*a + 4*a, 4*a - 94 = -2*x. What is the remainder when 91 is divided by a?
19
Let g(a) = 2*a - 9. Let p be g(6). Let t = p + 27. Let n = -76 + 195. What is the remainder when n is divided by t?
29
Let m(j) = -j**3 + 15*j**2 + 106*j - 47. What is the remainder when 34*(-3 - 46/(-4)) is divided by m(20)?
70
Suppose 20 = 5*u, -12*l - 29*l - 4*u + 877 = 0. Calculate the remainder when 2526 is divided by l.
6
Suppose 6*m - m = t - 30, 0 = 2*m + 6. Suppose 2*k + 52 = 166. What is the remainder when k is divided by t?
12
Let a = -644 + 849. What is the remainder when a is divided by 19?
15
Suppose 0*n - 2*n - 3*n = 0. Suppose 3*r - 8*r + 7440 = n. What is the remainder when (-14)/(-21) + r/9 is divided by 28?
26
Suppose c + 169 = -5*z + 271, -5*z + 410 = 5*c. Suppose 0*q + 5*p = 5*q - 1075, 2*q + p = 421. Calculate the remainder when q is divided by c.
58
What is the remainder when 313 is divided by (2 - (3 - 0))/((-19)/323)?
7
Suppose -9*f = -4*b - 6*f + 587, -5*b + 700 = 3*f. Suppose -v + 39 = 3*d, -18 = 5*v + d - 143. What is the remainder when b is divided by v?
23
Suppose -i - 2*v + 37 = 0, v - 6 = -3*i + 80. What is the remainder when 65 is divided by i?
11
Suppose 46 = 4*j - 58. Suppose -1228 = -99*k - 214 + 669. Calculate the remainder when j is divided by k.
9
Let t(f) = -f**2 + 7*f + 3. Let v be t(2). Suppose 8*w - v*w = 25. Calculate the remainder when (11/2)/(w + 44/8) is divided by 6.
5
Suppose -14*t - 1757 = -821 + 828. Suppose 0 = -2*j + j + 143. Let o = j + t. What is the remainder when o is divided by 10?
7
Suppose 71*a = 72*a - 2*u - 8181, 0 = -3*u + 3. Calculate the remainder when a is divided by 33.
32
Let r = -312 - -330. Let t be 2412/(-24) - 3/2. Let k = -46 - t. What is the remainder when k is divided by r?
2
Suppose 2*l = 83 + 39. Suppose 3*h - l = -3*r + 14, -h = -5. What is the remainder when r is divided by 7?
6
Suppose 26 = 4*i + 2*h, i - 6*i + 37 = 4*h. Suppose d - i = 51. Suppose -2*y + d = 2*y. What is the remainder when 68 is divided by y?
12
Let a = 2025 - 1495. Let i = 69 - 10. What is the remainder when a is divided by i?
58
Let x = 20 - 140. What is the remainder when (-1)/((65/x)/13) is divided by (12/(-1) - 1/1)/(-1)?
11
What is the remainder when ((-2535)/(-9) - -3)/(14/(-4347)*-3) is divided by 116?
115
Calculate the remainder when 78 is divided by (-45)/36 + 1160/32.
8
Let g(v) = -v**2 + 9*v + 35. Let r be g(10). Suppose -30*c = -r*c - 25. What is the remainder when 4/2 + 12*1 is divided by c?
4
Suppose -8 = -5*f + 2*h + 30, -f - h = -9. Let p(v) = 19*v - 23. Calculate the remainder when p(f) is divided by 34.
27
Suppose 15*a + m = 18*a - 322, 84 = a + 3*m. What is the remainder when 7034 is divided by a?
104
Let m(k) = k**3 - 17*k**2 + 15*k + 79. Calculate the remainder when 999 is divided by m(16).
54
Let j be (-3)/1*(-16)/12. Let k(g) = 8*g**2 - 25*g + 22. Calculate the remainder when k(3) is divided by j/(-5)*(-1 - 4).
3
Let o(j) = 4*j**3 + 30*j**2 + 36*j + 25. Calculate the remainder when 279 is divided by o(-6).
4
Let s = -18571 + 18575. What is the remainder when 13762 is divided by s?
2
Let t(y) = y**2 - 13*y - 87. Suppose 81*f - 80*f - 19 = 0. What is the remainder when 77 is divided by t(f)?
23
Calculate the remainder when 8/(-3)*-21 + -2 + 6 is divided by (-19)/((-5)/5) + (2 - 2).
3
Let x(w) = -10*w - 26 - 6*w - w**2 + 9 - 1. What is the remainder when 1060/6 - 5/(-15) is divided by x(-12)?
27
Suppose 18*n - 15 = 15*n - 5*j, 0 = 2*n - j - 23. Suppose 12 = 3*i + i. Let o = 40 - i. Calculate the remainder when o is divided by n.
7
Let u be (-864)/39 - 54/(-351). Let d = u - -80. What is the remainder when d is divided by 44?
14
Let v(p) be the first derivative of p**4/4 - 7*p**3/3 - 10*p**2 + 37*p - 10. Calculate the remainder when 27 is divided by v(9).
8
Let t = -125 + 170. What is the remainder when ((-67)/2)/(7 - t/6) is divided by 10?
7
Let l = 1825 - 1727. Calculate the remainder when 299 is divided by l.
5
Suppose 2*r + 38 - 142 = -k, -79 = -k + 3*r. Let h = k + -57. Suppose -6*t + 71 + h = 0. What is the remainder when 68 is divided by t?
14
Let r(z) = 65*z**2 + 195*z - 798. What is the remainder when r(4) is divided by 64?
62
Let j = -77 - -121. Let x(y) = -51 + 60 + 91*y - 204 - 206 - 136. What is the remainder when j is divided by x(6)?
8
Let x(a) = 10*a + 18. Let z = -126 + 151. Let c be x(z). Suppose -2*f + q = -f - 134, -5*q = 2*f - c. Calculate the remainder when f is divided by 15.
14
Let c(x) = -9*x + 51. Let g be c(6). Calculate the remainder when 15*(-5)/g + 26/(-13) is divided by 8.
7
Let q(t) = 3*t**3 - 14*t**2 - 4*t + 32. Calculate the remainder when q(8) is divided by 39.
16
What is the remainder when 1317 is divided by 2/6*3*13 - (-4 - -5)?
9
Suppose -3*f + 295 = 2*x, -f + 1168*x - 1164*x + 117 = 0. Calculate the remainder when f is divided by 58.
43
Let b be 32 - ((-9)/(36/(-8)) - 4). Suppose o + 0*q = -2*q + b, -3*o = -q - 116. Calculate the remainder when o is divided by 7.
3
Let z = -11 - -37. Calculate the remainder when z is divided by (1 - -6)/(1/2).
12
Let c = -17758 - -17771. What is the remainder when 1039 is divided by c?
12
Suppose -2 = -o - 2. Suppose 0*s - 3*s + 30 = o. Let t = -5 + s. Calculate the remainder when 8 is divided by t.
3
Let r(a) = 2*a**2 + 280*a + 2677. Let o(h) = -66*h - 13. Calculate the remainder when o(-6) is divided by r(-10).
75
Suppose 308*m + 5*y = 306*m + 149, 4*m - y = 353. What is the remainder when 704 is divided by m?
8
Suppose 682*c - v = 687*c - 346, -44 = -c + 4*v. Calculate the remainder when 2303 is divided by c.
59
Let t(i) = i + 18. Let k be t(0). Suppose -33*s + 231 = -12*s - 210. Suppose -s*n + k*n = -42. What is the remainder when 40 is divided by n?
12
Let f = 29875 + -29863. Calculate the remainder when 580 is divided by f.
4
Let p be 4/(-22) + (-195)/(-165). Calculate the remainder when 287 is divided by 10/(-60)*-4*p*9.
5
Suppose 0 = -30*w + 32*w - 98. Let o be 11 - (3 + (-4)/(-4)). Suppose 6 = i - o. Calculate the remainder when w is divided by i.
10
Let y = -166 - -72. Let o = 96 + y. Calculate the remainder when o is divided by 2/3 - (-8)/6.
0
Suppose -26*s - 69*s + 855 = 0. Let y(p) = p**3 + 9*p**2 - 10*p + 1. Let z be y(-10). Let v(r) = 50*r**3 + 1. What is the remainder when v(z) is divided by s?
6
Suppose 12236 = 38*u + 44*u + 10*u. What is the remainder when 4254 is divided by u?
131
Suppose 0 = -11*d + 8*d + 6. Suppose 0 = d*s + 2*s - 12. Calculate the remainder when ((-30)/4)/((15/(-70))/s) is divided by 36.
33
Let o be (-3)/(-3)*-2*-2. Suppose 52 = 2*g - o*h - 4, -29 = -g + h. Calculate the remainder when g is divided by (4 - 3)/(10/16)*5.
6
Let c be (-228 + -4)/(-4) - -2. Suppose c - 195 = -9*b. What is the remainder when 62 is divided by b?
2
Suppose -2*m = -4*q - 38, 5*q + 56 = m + 7. Let f(r) = -6*r - 47. What is the remainder when 180 is divided by f(q)?
11
Suppose -h = -9*h + 304. Let a = 474 - 53. Suppose 3*w + 82 - a = 0. Calculate the remainder when w is divided by h.
37
Let k = -7 - -35. Suppose 31*h - 42 = k*h. What is the remainder when 83 is divided by h?
13
Suppose -418*n - 40*n + 20320 = 50*n. Calculate the remainder when 442 is divided by n.
2
Suppose 26*g + 12*g = 4*g + 3536. What is the remainder when g is divided by 56?
48
Suppose 5*a